{"id":1207,"date":"2026-03-20T11:55:35","date_gmt":"2026-03-20T10:55:35","guid":{"rendered":"https:\/\/fermarmultiservicios.com\/about\/"},"modified":"2026-03-22T18:47:07","modified_gmt":"2026-03-22T17:47:07","slug":"about","status":"publish","type":"page","link":"https:\/\/fermarmultiservicios.com\/?page_id=1207","title":{"rendered":"Acerca de"},"content":{"rendered":"\n<div class=\"wp-block-uagb-container uagb-layout-flex uagb-block-2c41d92f alignfull uagb-is-root-container\"><div class=\"uagb-container-inner-blocks-wrap\"><\/div><\/div>\n\n\n\n<div class=\"wp-block-uagb-container uagb-layout-flex uagb-block-42d46032 alignfull uagb-is-root-container\"><div class=\"uagb-container-inner-blocks-wrap\">\n<div class=\"wp-block-uagb-container uagb-block-6629aa60\">\n<div class=\"wp-block-uagb-container uag-blocks-common-selector uagb-layout-flex uagb-block-bd571728\">\n<div class=\"wp-block-uagb-info-box uagb-block-99c0cc65 uagb-infobox__content-wrap  uagb-infobox-icon-above-title uagb-infobox-image-valign-top wp-block-uagb-info-box--has-margin\"><div class=\"uagb-infobox-margin-wrapper\"><div class=\"uagb-ifb-content\"><div class=\"uagb-ifb-title-wrap\"><p class=\"uagb-ifb-title-prefix\">Acerca de<\/p><h1 class=\"uagb-ifb-title\">Conoce la excelencia en instalaciones y reparaciones<\/h1><\/div><p class=\"uagb-ifb-desc\">Fermar Multiservicios ha brindado soluciones efectivas en fontaner\u00eda, electricidad, pintura y pladur, superando las expectativas de nuestros clientes en la provincia de Granada con sus resultados excepcionales.<\/p><\/div><\/div><\/div>\n<\/div>\n\n\n\n<div class=\"wp-block-uagb-container uag-blocks-common-selector uagb-layout-flex uagb-block-9bbf71ca\">\n<div class=\"wp-block-uagb-image uagb-block-e106f6fc wp-block-uagb-image--layout-default wp-block-uagb-image--effect-static wp-block-uagb-image--align-none\"><figure class=\"wp-block-uagb-image__figure\"><img decoding=\"async\" srcset=\"https:\/\/fermarmultiservicios.com\/wp-content\/uploads\/2026\/03\/gggok-1.jpg ,https:\/\/fermarmultiservicios.com\/wp-content\/uploads\/2026\/03\/gggok-1.jpg 780w, https:\/\/fermarmultiservicios.com\/wp-content\/uploads\/2026\/03\/gggok-1.jpg 360w\" sizes=\"auto, (max-width: 480px) 150px\" src=\"https:\/\/fermarmultiservicios.com\/wp-content\/uploads\/2026\/03\/gggok-1.jpg\" alt=\"\" class=\"uag-image-6\" width=\"510\" height=\"340\" title=\"creative-approach-img\" loading=\"lazy\" role=\"img\"\/><\/figure><\/div>\n\n\n\n<div class=\"wp-block-uagb-info-box uagb-block-8f31a05b uagb-infobox__content-wrap  uagb-infobox-icon-above-title uagb-infobox-image-valign-top wp-block-uagb-info-box--has-margin\"><div class=\"uagb-infobox-margin-wrapper\"><div class=\"uagb-ifb-content\"><div class=\"uagb-ifb-title-wrap\"><p class=\"uagb-ifb-title-prefix\">Nuestro enfoque<\/p><h2 class=\"uagb-ifb-title\">Compromiso con la calidad y el servicio<\/h2><\/div><p class=\"uagb-ifb-desc\">En Fermar Multiservicios, priorizamos la atenci\u00f3n al cliente y la calidad en cada proyecto. Nuestro enfoque met\u00f3dico nos permite ofrecer soluciones personalizadas, garantizando resultados duraderos y satisfactorios para todos nuestros clientes.<\/p><\/div><\/div><\/div>\n<\/div>\n<\/div>\n\n\n\n<div class=\"wp-block-uagb-container uagb-block-0c52d394 alignfull uagb-is-root-container\"><div class=\"uagb-container-inner-blocks-wrap\">\n<div class=\"wp-block-uagb-container uag-blocks-common-selector uagb-layout-grid uagb-block-e3f00284\">\n<div class=\"wp-block-uagb-image uagb-block-2c6b23d0 wp-block-uagb-image--layout-default wp-block-uagb-image--effect-static wp-block-uagb-image--align-none\"><figure class=\"wp-block-uagb-image__figure\"><img decoding=\"async\" srcset=\"https:\/\/fermarmultiservicios.com\/wp-content\/uploads\/2026\/03\/gggok-1.jpg ,https:\/\/fermarmultiservicios.com\/wp-content\/uploads\/2026\/03\/gggok-1.jpg 780w, https:\/\/fermarmultiservicios.com\/wp-content\/uploads\/2026\/03\/gggok-1.jpg 360w\" sizes=\"auto, (max-width: 480px) 150px\" src=\"https:\/\/fermarmultiservicios.com\/wp-content\/uploads\/2026\/03\/gggok-1.jpg\" alt=\"\" class=\"uag-image-6\" width=\"512\" height=\"340\" title=\"about-img\" loading=\"lazy\" role=\"img\"\/><\/figure><\/div>\n<\/div>\n\n\n\n<div class=\"wp-block-uagb-container uag-blocks-common-selector uagb-layout-flex uagb-block-2b79cca5\">\n<div class=\"wp-block-uagb-info-box uagb-block-03d80a89 uagb-infobox__content-wrap  uagb-infobox-icon-above-title uagb-infobox-image-valign-top wp-block-uagb-info-box--has-margin\"><div class=\"uagb-infobox-margin-wrapper\"><div class=\"uagb-ifb-content\"><div class=\"uagb-ifb-title-wrap\"><p class=\"uagb-ifb-title-prefix\">Nuestra historia<\/p><h2 class=\"uagb-ifb-title\">El camino de Fermar Multiservicios<\/h2><\/div><p class=\"uagb-ifb-desc\">Fermar Multiservicios nace de la pasi\u00f3n por ofrecer servicios de calidad en el hogar. Desde nuestros inicios, hemos cre\u00eddo en la importancia de la satisfacci\u00f3n del cliente, lo que nos ha llevado a crecer y evolucionar en el sector.<\/p><\/div><\/div><\/div>\n\n\n\n<div class=\"wp-block-uagb-advanced-heading uagb-block-fb20a39e\"><p class=\"uagb-heading-text\">Con un equipo comprometido y t\u00e9cnico, hemos forjado relaciones duraderas con nuestros clientes, convirti\u00e9ndonos en un referente en la provincia de Granada a lo largo de los a\u00f1os.<\/p><\/div>\n<\/div>\n<\/div><\/div>\n<\/div><\/div>\n\n\n\n<div class=\"wp-block-uagb-container uagb-layout-grid uagb-block-46aa93fc alignfull uagb-is-root-container\"><div class=\"uagb-container-inner-blocks-wrap\">\n<div class=\"wp-block-uagb-container uag-blocks-common-selector uagb-layout-flex uagb-block-a90344ef\">\n<div class=\"wp-block-uagb-image uagb-block-91bc4dda wp-block-uagb-image--layout-default wp-block-uagb-image--effect-static wp-block-uagb-image--align-none\"><figure class=\"wp-block-uagb-image__figure\"><img decoding=\"async\" srcset=\"https:\/\/fermarmultiservicios.com\/wp-content\/uploads\/2026\/03\/gggok-1.jpg ,https:\/\/fermarmultiservicios.com\/wp-content\/uploads\/2026\/03\/gggok-1.jpg 780w, https:\/\/fermarmultiservicios.com\/wp-content\/uploads\/2026\/03\/gggok-1.jpg 360w\" sizes=\"auto, (max-width: 480px) 150px\" src=\"https:\/\/fermarmultiservicios.com\/wp-content\/uploads\/2026\/03\/gggok-1.jpg\" alt=\"\" class=\"uag-image-6\" width=\"574\" height=\"340\" title=\"core-values\" loading=\"lazy\" role=\"img\"\/><\/figure><\/div>\n\n\n\n<div class=\"wp-block-uagb-advanced-heading uagb-block-e687ec9d\"><h3 class=\"uagb-heading-text\">Valores fundamentales<\/h3><p class=\"uagb-desc-text\">Nos guiamos por la integridad, la calidad y la innovaci\u00f3n, asegurando que cada proyecto sea ejecutado con profesionalismo y dedicaci\u00f3n. Nuestro compromiso es generar confianza y satisfacci\u00f3n en nuestros clientes.<\/p><\/div>\n<\/div>\n\n\n\n<div class=\"wp-block-uagb-container uag-blocks-common-selector uagb-layout-flex uagb-block-7d7aefe1\">\n<div class=\"wp-block-uagb-image uagb-block-1d17c7c5 wp-block-uagb-image--layout-default wp-block-uagb-image--effect-static wp-block-uagb-image--align-none\"><figure class=\"wp-block-uagb-image__figure\"><img decoding=\"async\" srcset=\"https:\/\/fermarmultiservicios.com\/wp-content\/uploads\/2026\/03\/gggok-1.jpg ,https:\/\/fermarmultiservicios.com\/wp-content\/uploads\/2026\/03\/gggok-1.jpg 780w, https:\/\/fermarmultiservicios.com\/wp-content\/uploads\/2026\/03\/gggok-1.jpg 360w\" sizes=\"auto, (max-width: 480px) 150px\" src=\"https:\/\/fermarmultiservicios.com\/wp-content\/uploads\/2026\/03\/gggok-1.jpg\" alt=\"\" class=\"uag-image-6\" width=\"574\" height=\"340\" title=\"our-mission\" loading=\"lazy\" role=\"img\"\/><\/figure><\/div>\n\n\n\n<div class=\"wp-block-uagb-advanced-heading uagb-block-6f2551cb\"><h3 class=\"uagb-heading-text\">Nuestra misi\u00f3n<\/h3><p class=\"uagb-desc-text\">Brindar servicios de instalaciones y reparaciones de la m\u00e1s alta calidad, asegurando la satisfacci\u00f3n de nuestros clientes y contribuyendo a mejorar sus espacios con soluciones efectivas y personalizadas.<\/p><\/div>\n<\/div>\n<\/div><\/div>\n\n\n\n<div class=\"wp-block-uagb-container uag-blocks-common-selector uagb-layout-flex uagb-block-1b6f8c6f default uagb-is-root-container\">\n<div class=\"wp-block-uagb-info-box uagb-block-2abebf24 uagb-infobox__content-wrap  uagb-infobox-icon-above-title uagb-infobox-image-valign-top wp-block-uagb-info-box--has-margin\"><div class=\"uagb-infobox-margin-wrapper\"><div class=\"uagb-ifb-content\"><div class=\"uagb-ifb-icon-wrap\"><svg xmlns=\"https:\/\/www.w3.org\/2000\/svg\" viewBox=\"0 0 448 512\"><path d=\"M96 96C42.98 96 0 138.1 0 192s42.98 96 96 96c11.28 0 21.95-2.305 32-5.879V288c0 35.3-28.7 64-64 64c-17.67 0-32 14.33-32 32s14.33 32 32 32c70.58 0 128-57.42 128-128V192C192 138.1 149 96 96 96zM448 192c0-53.02-42.98-96-96-96s-96 42.98-96 96s42.98 96 96 96c11.28 0 21.95-2.305 32-5.879V288c0 35.3-28.7 64-64 64c-17.67 0-32 14.33-32 32s14.33 32 32 32c70.58 0 128-57.42 128-128V192z\"><\/path><\/svg><\/div><div class=\"uagb-ifb-title-wrap\"><p class=\"uagb-ifb-title\">En Fermar Multiservicios, nuestra filosof\u00eda es ofrecer un servicio excepcional que transforme los hogares de nuestros clientes, combinando innovaci\u00f3n y atenci\u00f3n personalizada en cada proyecto.<\/p><\/div><p class=\"uagb-ifb-desc\">\u2014 Agust\u00edn Fern\u00e1ndez, Gerente<\/p><\/div><\/div><\/div>\n<\/div>\n\n\n\n<div class=\"wp-block-uagb-container uagb-layout-flex uagb-block-05314e7e alignfull uagb-is-root-container\"><div class=\"uagb-container-inner-blocks-wrap\">\n<div class=\"wp-block-uagb-info-box uagb-block-8ce7620c uagb-infobox__content-wrap  uagb-infobox-icon-above-title uagb-infobox-image-valign-top wp-block-uagb-info-box--has-margin\"><div class=\"uagb-infobox-margin-wrapper\"><div class=\"uagb-ifb-content\"><div class=\"uagb-ifb-title-wrap\"><p class=\"uagb-ifb-title-prefix\">\u00bfListo para empezar?<\/p><h1 class=\"uagb-ifb-title\">Cont\u00e1ctanos y transformemos tu espacio juntos.<\/h1><\/div><p class=\"uagb-ifb-desc\">Estamos aqu\u00ed para ayudarte con cualquier proyecto de instalaciones o reparaciones. Solicita m\u00e1s informaci\u00f3n hoy mismo.<\/p><div class=\"uagb-ifb-button-wrapper wp-block-button\"><a href=\"\/contact\" class=\"uagb-infobox-cta-link wp-block-button__link\" target=\"_self\" rel=\"noopener noreferrer\" onclick=\"return true;\"><span class=\"uagb-inline-editing\">Cont\u00e1ctanos ahora<\/span><\/a><\/div><\/div><\/div><\/div>\n\n\n\n<div class=\"wp-block-uagb-advanced-heading uagb-block-341ebfb8\"><div class=\"uagb-heading-text\">O<\/div><\/div>\n\n\n\n<div class=\"wp-block-uagb-advanced-heading uagb-block-fb2399ce\"><p class=\"uagb-heading-text\">Llamar: 643809593<\/p><\/div>\n<\/div><\/div>\n","protected":false},"excerpt":{"rendered":"<p>Con un equipo comprometido y t\u00e9cnico, hemos forjado relaciones duraderas con nuestros clientes, convirti\u00e9ndonos en un referente en la provincia [&hellip;]<\/p>\n","protected":false},"author":1,"featured_media":0,"parent":0,"menu_order":0,"comment_status":"closed","ping_status":"closed","template":"","meta":{"_uag_custom_page_level_css":"","site-sidebar-layout":"default","site-content-layout":"","ast-site-content-layout":"default","site-content-style":"default","site-sidebar-style":"default","ast-global-header-display":"","ast-banner-title-visibility":"","ast-main-header-display":"","ast-hfb-above-header-display":"","ast-hfb-below-header-display":"","ast-hfb-mobile-header-display":"","site-post-title":"disabled","ast-breadcrumbs-content":"","ast-featured-img":"","footer-sml-layout":"","ast-disable-related-posts":"","theme-transparent-header-meta":"","adv-header-id-meta":"","stick-header-meta":"","header-above-stick-meta":"","header-main-stick-meta":"","header-below-stick-meta":"","astra-migrate-meta-layouts":"default","ast-page-background-enabled":"default","ast-page-background-meta":{"desktop":{"background-color":"var(--ast-global-color-4)","background-image":"","background-repeat":"repeat","background-position":"center center","background-size":"auto","background-attachment":"scroll","background-type":"","background-media":"","overlay-type":"","overlay-color":"","overlay-opacity":"","overlay-gradient":""},"tablet":{"background-color":"","background-image":"","background-repeat":"repeat","background-position":"center center","background-size":"auto","background-attachment":"scroll","background-type":"","background-media":"","overlay-type":"","overlay-color":"","overlay-opacity":"","overlay-gradient":""},"mobile":{"background-color":"","background-image":"","background-repeat":"repeat","background-position":"center center","background-size":"auto","background-attachment":"scroll","background-type":"","background-media":"","overlay-type":"","overlay-color":"","overlay-opacity":"","overlay-gradient":""}},"ast-content-background-meta":{"desktop":{"background-color":"var(--ast-global-color-5)","background-image":"","background-repeat":"repeat","background-position":"center center","background-size":"auto","background-attachment":"scroll","background-type":"","background-media":"","overlay-type":"","overlay-color":"","overlay-opacity":"","overlay-gradient":""},"tablet":{"background-color":"var(--ast-global-color-5)","background-image":"","background-repeat":"repeat","background-position":"center center","background-size":"auto","background-attachment":"scroll","background-type":"","background-media":"","overlay-type":"","overlay-color":"","overlay-opacity":"","overlay-gradient":""},"mobile":{"background-color":"var(--ast-global-color-5)","background-image":"","background-repeat":"repeat","background-position":"center center","background-size":"auto","background-attachment":"scroll","background-type":"","background-media":"","overlay-type":"","overlay-color":"","overlay-opacity":"","overlay-gradient":""}},"footnotes":""},"class_list":["post-1207","page","type-page","status-publish","hentry"],"uagb_featured_image_src":{"full":false,"thumbnail":false,"medium":false,"medium_large":false,"large":false,"1536x1536":false,"2048x2048":false},"uagb_author_info":{"display_name":"user15161220461633","author_link":"https:\/\/fermarmultiservicios.com\/?author=1"},"uagb_comment_info":0,"uagb_excerpt":"Con un equipo comprometido y t\u00e9cnico, hemos forjado relaciones duraderas con nuestros clientes, convirti\u00e9ndonos en un referente en la provincia [&hellip;]","_links":{"self":[{"href":"https:\/\/fermarmultiservicios.com\/index.php?rest_route=\/wp\/v2\/pages\/1207","targetHints":{"allow":["GET"]}}],"collection":[{"href":"https:\/\/fermarmultiservicios.com\/index.php?rest_route=\/wp\/v2\/pages"}],"about":[{"href":"https:\/\/fermarmultiservicios.com\/index.php?rest_route=\/wp\/v2\/types\/page"}],"author":[{"embeddable":true,"href":"https:\/\/fermarmultiservicios.com\/index.php?rest_route=\/wp\/v2\/users\/1"}],"replies":[{"embeddable":true,"href":"https:\/\/fermarmultiservicios.com\/index.php?rest_route=%2Fwp%2Fv2%2Fcomments&post=1207"}],"version-history":[{"count":4,"href":"https:\/\/fermarmultiservicios.com\/index.php?rest_route=\/wp\/v2\/pages\/1207\/revisions"}],"predecessor-version":[{"id":1264,"href":"https:\/\/fermarmultiservicios.com\/index.php?rest_route=\/wp\/v2\/pages\/1207\/revisions\/1264"}],"wp:attachment":[{"href":"https:\/\/fermarmultiservicios.com\/index.php?rest_route=%2Fwp%2Fv2%2Fmedia&parent=1207"}],"curies":[{"name":"wp","href":"https:\/\/api.w.org\/{rel}","templated":true}]}}